{"id":11,"date":"2024-08-05T17:36:48","date_gmt":"2024-08-05T17:36:48","guid":{"rendered":"https:\/\/infinitycloud.se\/?page_id=11"},"modified":"2024-08-09T07:52:57","modified_gmt":"2024-08-09T07:52:57","slug":"about","status":"publish","type":"page","link":"https:\/\/infinitycloud.se\/?page_id=11","title":{"rendered":"Om oss"},"content":{"rendered":"\n<p>Infinitycloud \u00e4r ett molntj\u00e4nstf\u00f6retag som specialiserar sig p\u00e5 att erbjuda flexibla och skalbara l\u00f6sningar f\u00f6r lagring, databehandling och s\u00e4kerhetskopiering i molnet. F\u00f6retaget tillhandah\u00e5ller tj\u00e4nster som g\u00f6r det enkelt f\u00f6r f\u00f6retag att hantera sina IT-behov genom att erbjuda en s\u00e4ker, p\u00e5litlig och anv\u00e4ndarv\u00e4nlig plattform. Med fokus p\u00e5 innovation och kundanpassade l\u00f6sningar str\u00e4var InfinityCloud efter att hj\u00e4lpa f\u00f6retag att optimera sina digitala arbetsfl\u00f6den och \u00f6ka sin operativa effektivitet.<\/p>\n","protected":false},"excerpt":{"rendered":"<p>Infinitycloud \u00e4r ett molntj\u00e4nstf\u00f6retag som specialiserar sig p\u00e5 att erbjuda flexibla och skalbara l\u00f6sningar f\u00f6r lagring, databehandling och s\u00e4kerhetskopiering i molnet. F\u00f6retaget tillhandah\u00e5ller tj\u00e4nster som g\u00f6r det enkelt f\u00f6r f\u00f6retag att hantera sina IT-behov genom att erbjuda en s\u00e4ker, p\u00e5litlig och anv\u00e4ndarv\u00e4nlig plattform. Med fokus p\u00e5 innovation och kundanpassade l\u00f6sningar str\u00e4var InfinityCloud efter att hj\u00e4lpa &hellip; <\/p>\n<p class=\"link-more\"><a href=\"https:\/\/infinitycloud.se\/?page_id=11\" class=\"more-link\">Continue reading<span class=\"screen-reader-text\"> &#8220;Om oss&#8221;<\/span><\/a><\/p>\n","protected":false},"author":1,"featured_media":33,"parent":0,"menu_order":0,"comment_status":"closed","ping_status":"closed","template":"","meta":{"footnotes":""},"class_list":["post-11","page","type-page","status-publish","has-post-thumbnail","hentry"],"_links":{"self":[{"href":"https:\/\/infinitycloud.se\/index.php?rest_route=\/wp\/v2\/pages\/11","targetHints":{"allow":["GET"]}}],"collection":[{"href":"https:\/\/infinitycloud.se\/index.php?rest_route=\/wp\/v2\/pages"}],"about":[{"href":"https:\/\/infinitycloud.se\/index.php?rest_route=\/wp\/v2\/types\/page"}],"author":[{"embeddable":true,"href":"https:\/\/infinitycloud.se\/index.php?rest_route=\/wp\/v2\/users\/1"}],"replies":[{"embeddable":true,"href":"https:\/\/infinitycloud.se\/index.php?rest_route=%2Fwp%2Fv2%2Fcomments&post=11"}],"version-history":[{"count":2,"href":"https:\/\/infinitycloud.se\/index.php?rest_route=\/wp\/v2\/pages\/11\/revisions"}],"predecessor-version":[{"id":54,"href":"https:\/\/infinitycloud.se\/index.php?rest_route=\/wp\/v2\/pages\/11\/revisions\/54"}],"wp:featuredmedia":[{"embeddable":true,"href":"https:\/\/infinitycloud.se\/index.php?rest_route=\/wp\/v2\/media\/33"}],"wp:attachment":[{"href":"https:\/\/infinitycloud.se\/index.php?rest_route=%2Fwp%2Fv2%2Fmedia&parent=11"}],"curies":[{"name":"wp","href":"https:\/\/api.w.org\/{rel}","templated":true}]}}